+ 10*t = -70. Suppose 5*a - 2*z = -16 + 71, -2*z + t = 5*a. What is the remainder when 35/20*(-1 + 9) is divided by a?
5
Let h = -122 - -190. Suppose -2*x + 6*u - 4*u = -h, -u + 56 = 2*x. What is the remainder when (359 + -1)/(-1 - -3) is divided by x?
29
Let k = -2 + 5. Suppose -3*t = -t - 2, -k*h + 2*t = -55. Suppose -61*a + 483 = -29*a + 37*a. What is the remainder when h is divided by a?
5
Let w = -137 - -216. Suppose -k + 39 = -3*j, 57 = 2*k - 0*j + j. Calculate the remainder when w is divided by k.
19
Suppose -13 = f - 3*b, 18 = 15*f - 11*f + 2*b. Suppose -45 = -3*o + 3*s, 6*s = f*o + 2*s - 20. Calculate the remainder when 53 is divided by o.
13
Suppose -y = 2*y - 72. Let t(j) = -j**3 - 269*j**2 + 11*j + 3046. Calculate the remainder when t(-269) is divided by y.
15
Suppose 29 = 8*n + 5. Suppose y - 122 = -3*k + 169, 97 = k - n*y. What is the remainder when k is divided by 28?
13
Suppose -6*y + 7 + 11 = 0. Suppose 12 = 4*u, 3*v - v = y*u + 9. Let d = -5 - -11. Calculate the remainder when v is divided by d.
3
Let u = 91 - -67. Suppose 9*z - 508 = u. Calculate the remainder when 218 is divided by z.
70
Let m = 7399 + -3434. Calculate the remainder when m is divided by 1316.
17
Suppose 2*t - 153 = -3*b, 4*t - 51 = -b - t. Let j = b + -47. Let a = j - -39. Calculate the remainder when a is divided by 22.
21
Let t(l) = -58*l - 2700. What is the remainder when t(-53) is divided by 164?
46
Let s = 3498 - 3027. Calculate the remainder when s is divided by 149.
24
Let q(x) = 65*x**3 - 1. Suppose 2*d + 18 - 76 = 0. Suppose -136 = -15*j + d. What is the remainder when q(1) is divided by j?
9
Suppose 0 = 10*g - 12*g - 138. Let s = g + 72. Suppose 0 = w - 2*m - 42, 70 = 2*w + s*m + 14. Calculate the remainder when w is divided by 13.
8
Let j be 126*5*(-6)/(-30) + 1. Let m = j - -87. What is the remainder when m is divided by 6?
4
Suppose -5*q - 50 = 5*r, 0 = -6*r + 2*r + 2*q - 16. What is the remainder when 192 is divided by 18 + (-17 - r) + 8?
12
Suppose 5*i = g + 127, 0 = -4*i - 3*g + 110 + 22. What is the remainder when 110 is divided by i?
2
Suppose 2*v - 10 = -4. Suppose 0 = s - v*c + 6, 5*c + 0 - 16 = s. Let x = -4 + s. What is the remainder when 14 is divided by x?
4
Let t(m) = 28*m + 2. Let l be t(2). Suppose d - 3*d + l = 0. Let i = d - 0. What is the remainder when 56 is divided by i?
27
Let a = 22 - -12. Let t = -14 + a. Let j(y) = y**2 - 8*y - 23. What is the remainder when j(t) is divided by 44?
41
Suppose 5*w + 2094 = -3*i + 5283, -i = -w + 641. Calculate the remainder when w is divided by 59.
49
Let y be (2/4)/(1/(-26)). Let n(f) = -2*f + 22*f - 19*f + 24. What is the remainder when 21 is divided by n(y)?
10
Suppose 217*r = -96*r + 1264833. What is the remainder when r is divided by 1010?
1
Suppose -b = -3*c - 2*b - 11, -3*c + 4*b + 14 = 0. Suppose 21 = 4*g - 7. Calculate the remainder when 20/3*3 - (c - -3) is divided by g.
5
Suppose -42*c - 1584 = -46*c - 4*g, 3*c = -2*g + 1182. What is the remainder when c is divided by 4?
2
Let c = 68 + -15. Let x be (1 - 1)/((11 - 1) + -7). Calculate the remainder when -2 + 2 + x + 103 is divided by c.
50
Let l = -97 - -133. Let b be -2 - (-2 + (-15 - 3)). Calculate the remainder when l is divided by b - (-1 + 0)*1.
17
Let o(q) = q + 14. Let a be o(-6). Suppose -3*m = -a + 8. What is the remainder when 73 is divided by 5/25 + m + (-148)/(-10)?
13
Suppose 6*k - 265 = -19. Let p = k + 2. Calculate the remainder when 77 is divided by p.
34
Let u = -101 + 99. Calculate the remainder when 27 is divided by (30 + -28)/(u/(-5)).
2
Let k = -534 - -162. Let g = 524 + k. What is the remainder when g is divided by 14?
12
Suppose 5*p = -3*h + 266, -3*h + 344 = h + 4*p. Let f = h - 62. Calculate the remainder when 74 is divided by f.
14
Let z = 1138 - 933. What is the remainder when z is divided by 7?
2
Let j = 207 - 209. Let b = 35 + -36. What is the remainder when 68 is divided by b + 1 - -28 - j/(-1)?
16
Let f = 12158 - 11859. What is the remainder when f is divided by 121?
57
Let x = -130 + 115. Calculate the remainder when 151 is divided by (-5 - x/6)*(-28)/5.
11
Let m = -83 - -107. Let d be (48/m)/(1*-2). What is the remainder when 3/(2*d/(-106)) is divided by 18?
15
Let p(g) = -2*g**3 + 66*g**2 - 34*g + 1135. What is the remainder when 2774 is divided by p(33)?
5
Suppose 3*b + 4*b + 27*b = 5440. What is the remainder when b is divided by 110?
50
Suppose 79131 = 21*j + 20961. Calculate the remainder when j is divided by 146.
142
Suppose -3*n - 5*v + 974 = -313, 0 = -3*n + 5*v + 1287. Calculate the remainder when n is divided by 86.
85
Suppose 45*m - 1159 = 1226. Suppose 3*z - 3*u = 138, 2*z = -5*u - 47 + 146. What is the remainder when m is divided by z?
6
Let x(a) = a**3 - 24*a**2 + a - 44. Let z be x(24). Let o(l) = -6*l - 67. What is the remainder when o(z) is divided by 9?
8
Let o(l) = 50*l + 24. Let q be o(4). Suppose 2*i + 5*i = q. Suppose -3*t + 9 = -m + 2*m, 51 = 3*m + t. Calculate the remainder when i is divided by m.
14
Let k be -1*(-1 + (2 - 0))*0. Suppose -5*c - u + 1 = k, 1 + 0 = u. Suppose 13 + c = z. What is the remainder when 64 is divided by z?
12
Let w be (-323)/(-4) - 1/(-4). Suppose 2*i + 30*j - 31*j = 24, 0 = 5*j - 20. Suppose 0 = -i*a + w + 115. What is the remainder when 38 is divided by a?
10
Suppose -6*u = -21 - 15. Suppose 3*k - 5*t = u*k - 100, -2*k + 100 = -5*t. Calculate the remainder when 146 is divided by k.
26
Let y be ((-18)/8 - -2)*0. Suppose 28*d - 32*d + 64 = y. What is the remainder when 110 is divided by d?
14
Let h(d) = -3*d - 1. Let z = -5 + -1. What is the remainder when (-44)/(-2*((-64)/(-288))/(4/9)) is divided by h(z)?
10
Let g(h) = -h**3 - 7*h**2 + 11*h - 57. Let o(m) = 4*m - 12*m + 4 - 6. What is the remainder when o(-3) is divided by g(-9)?
4
Let k(s) = -7*s**2 + 102*s - 40. What is the remainder when (-856)/(-11) - 2/(-11) is divided by k(14)?
14
Suppose 0 = 11546*d - 11529*d - 6970. Calculate the remainder when d is divided by 67.
8
Let x(u) be the third derivative of 13*u**5/30 + u**4/24 - u**3/3 + 229*u**2. Calculate the remainder when 92 is divided by x(1).
17
Let z(a) = 2*a**2 + 6*a - 6. Suppose 4*x - 3 = 9. Let n be x + (0 - (-3 - -3)). What is the remainder when 88 is divided by z(n)?
28
Let u(d) = -514*d + 6242. What is the remainder when (-2)/(-4)*1*886 is divided by u(12)?
73
Suppose -7*b - 18 = -74. Suppose 11*n - 138 = 8*n. Calculate the remainder when n is divided by b.
6
Let v be 29/58*(-1 + 1). Suppose v = 3*o + 4*p - 1 - 16, 2*o - p - 15 = 0. Calculate the remainder when 38 is divided by o.
3
Let m = 1 + 20. Calculate the remainder when m is divided by (20/8*2 - -2) + -1.
3
Suppose 4*f - 60 = 44. Calculate the remainder when 18/(-60) - (2 + (-14530)/100) is divided by f.
13
Let b(p) = 94*p + 1231. Suppose 0 = 2*t + n - 435, 5*t - 1090 = n - 4*n. What is the remainder when t is divided by b(-13)?
8
Let t = -1018 + 1055. Let a = 27 + 40. What is the remainder when a is divided by t?
30
Suppose 0 = -65*z + 8099 + 23166. Calculate the remainder when 1934 is divided by z.
10
Let g(k) = k**3 + 10*k**2 + 10*k - 15. Let c be g(-9). Let d = c + 77. Let u = 34 + -6. Calculate the remainder when d is divided by u.
25
Let i(x) be the second derivative of 0 - 5/2*x**2 - 38*x + 19/12*x**4 - 5/6*x**3. What is the remainder when i(-2) is divided by 14?
11
Let m(r) = 4*r - 8. Let n be (0 + -6)*(-4)/(-8). Let c(a) = 5*a - 8. Let y(b) = n*m(b) + 2*c(b). What is the remainder when y(-3) is divided by 5?
4
Suppose 5*n - 61*s + 90 = -21*s, 4*n - s = 52. Suppose 2*z - 3*j - 401 = 0, -2*j - 5 = -11. Calculate the remainder when z is divided by n.
9
Suppose -5*v - 5*n + 0*n - 865 = 0, 5*n = 3*v + 503. Let c = v + 181. What is the remainder when 72 is divided by c?
2
Let w(m) = 24*m**2 + 5*m + 46. Let b be w(-9). Suppose -5*h + 760 + b = 0. What is the remainder when h is divided by 68?
65
Let t = 4207 + -4076. Calculate the remainder when 3140 is divided by t.
127
Suppose 0 = 42*q + 1626 - 4398. Suppose -q*a = -61*a - 935. What is the remainder when a is divided by 27?
25
Suppose 46*m - 176 = 42*m - 2*u, -3*m = 2*u - 134. Suppose -5*h + 274 = -h - 5*n, 4*n = 8. Calculate the remainder when h is divided by m.
29
Let x(i) = 12*i - 2. Let c be x(2). Let v = c - 12